 Let v be 6 + 1408/(-240) + 0 + (-182)/15. Give d(v).
63
Let z be 15*(-11*9/297 + 2 + -2). Let c(q) = 4*q**2 + 31*q + 56. What is c(z)?
1
Suppose c = 121 - 35. Let k = c - 74. Suppose -3*x - 4*j - 24 = x, 5*j = x + k. Let z(v) = v**2 + 6*v - 8. Give z(x).
-1
Let h(o) = 7*o - 138. Suppose -2*k + 34 = -3*d, 309*k - 4*d = 308*k + 12. Determine h(k).
2
Let v(d) = -d**2 - 2 - 4 - d + 4. Suppose 0 = -171*q + 168*q. Let n(o) = -2*o**2 - 2*o - 3. Let b be n(q). Determine v(b).
-8
Let o(b) = 2*b + 6. Suppose 16 = -2*a + 10*a. Suppose 2*w + 3*g = 9, -4*w = 3*g - a*g + 7. Let q be o(w). Let k(z) = -z - 3. Calculate k(q).
-3
Let l(i) = -34 - 282567*i**2 - i**3 + 32 + 282573*i**2. Give l(6).
-2
Let i(l) be the first derivative of -l**4/4 - 11*l**3/3 + 7*l**2 + 7*l - 1209. What is i(-11)?
-147
Let n(f) = f**3 + 7*f**2 - 8*f - 5. Let a(z) = -z**2 + 18*z - 38. Let r be a(16). Let h(d) = d**3 + 7*d**2 + 7*d - 2. Let k be h(r). What is n(k)?
-5
Let f = 32 + 215. Suppose 5*r - f = 4*p, -4*r = 2*p - 260 + 78. Suppose -r*x + 1 = -46*x. Let l(d) = -4*d**3. What is l(x)?
-4
Let g(z) = 5 - 36*z**3 - 2*z**2 + 7 - 32 + 21. Determine g(-1).
35
Let t be 33/4 + (-147)/(-196). Let h(w) = -3*w**2 - 11*w + 3. Let q(m) = m**2 + 1. Let p(a) = -h(a) - 4*q(a). What is p(t)?
11
Suppose -2*w = -h - 10, -10 = -4*w + 37*h - 40*h. Let j(t) = 3*t**2 - 13*t + 7. What is j(w)?
3
Let t(s) = -s**2 + 19*s - 46. Let p be t(16). Let f be (6 + (-18)/3)*(-1)/p. Let u(a) = 0 + 2 + 3 + a. What is u(f)?
5
Let c = 241 + -157. Suppose -c = -3*a - 0*a. Suppose -4*o - a + 4 = 0. Let k(f) = f**3 + 6*f**2 + 8. Determine k(o).
8
Let u = 3168 + -3177. Let v(i) = -i**2 - 2*i + 12. What is v(u)?
-51
Let a(x) = 2*x**2 - x**2 - 2*x + 5 - 2. Suppose 0 = 2*k + 2*g + 30, 41 = -3*k - 5*g - 2. Let n be k/12 + (-132)/(-18). What is a(n)?
27
Let g(x) be the third derivative of x**6/60 - x**5/60 - x**4/8 + x**3/2 - x**2 - x + 2350. Let v(k) = -k**3 + 2*k**2 - 1. Let m be v(-1). What is g(m)?
9
Let t be (-4)/(-14) + (-48)/(-28). Suppose -4*u = -4*q, 3*u - 7 = t. Suppose 9*c = q*c - 30. Let s(g) = g**3 + 5*g**2 + g - 6. Calculate s(c).
-11
Suppose 445*h + 96 = -5*y + 447*h, 0 = 5*y + h + 102. Let n(l) = -29*l - 587. Calculate n(y).
-7
Let f = 12 - 12. Let j = 1 + f. Suppose 0*s - s = -2*i + 7, 3*s + j = i. Let b(l) = -l**2 + 4*l + 2. Calculate b(i).
2
Let z(s) = s**2 - 13*s - 13. Let w be z(14). Suppose -7*r - 13 = w. Let g(h) = -h + 3. Let b(x) = -x + 2. Let u(o) = 4*b(o) - 3*g(o). Determine u(r).
1
Let n(s) be the first derivative of -222 + 0*s**2 - 3*s + 121 + s**2 + 165. Let y = 1 + 2. What is n(y)?
3
Let s(u) = 92*u + 32. Let d(n) = -158*n - 66. Let g(j) = 3*d(j) + 5*s(j). What is g(-6)?
46
Let f(d) = 140*d - 417. Let s be f(3). Let n(l) = -l**2 - 6*l + 9. Let y be n(-7). Let c(r) = -r + 3 - 4*r**2 + 3*r**2 - y*r + 0*r. Determine c(s).
-15
Let l be (54/24)/(((-78)/16)/(-13)). Let d(w) be the third derivative of 0*w - 1/24*w**4 + 1/120*w**l + 1/10*w**5 + 0 + 0*w**3 - 8*w**2. Determine d(-6).
6
Let r(z) = -z**2 + 7*z + 5. Let d be -1 - (-9)/3 - 15/(-2 - 3). What is r(d)?
15
Let h(c) = c - 5. Let s be h(-2). Suppose -l + 16 = 13. Let g(y) = 4*y**3 + 6*y**2 - 4*y**l + 1 + y**3 - 6*y - 2. Give g(s).
-8
Let q(a) = -22*a - 4 + 11*a + 6*a**2 + 13*a + 1. Let c(x) = 7*x**2 + 3*x - 3. Let s(f) = 5*c(f) - 6*q(f). Determine s(6).
-15
Let z(f) = -f**2 - 5*f - 2. Let v be z(-6). Let y(c) = -c + 171. Let o(r) = -3*r + 468. Let a(i) = 4*o(i) - 11*y(i). Determine a(v).
-1
Let h(s) = -s**2 - 15*s + 41. Let m be h(-17). Suppose -5*y + 18 = 4*n, -4*n - 6*y + 30 = -m*y. Let f(q) = -q + 11*q - 6 - 2*q + q**3 - 8*q**2. What is f(n)?
1
Let s(z) = -z**3 + 9*z**2 - 2. Suppose 5*k + b - 6 = -1, 2*b - 10 = k. Suppose 26*a - 22*a = 16. Suppose -a*g + k*g = -q + 13, 2*g + 11 = q. Calculate s(q).
-2
Let p = 85209 + -85218. Let z(c) be the first derivative of 1 - 7*c - 5*c**2 - 1/3*c**3. What is z(p)?
2
Let f(s) = -8*s**2 - 6*s - 5. Let t be 4/14*(-13 + 6). Let k be f(t). Let a = k + 27. Let w(o) = -o + 3. Give w(a).
1
Let k = 5 - 3. Let l(v) = 2*v**3 - 8*v**2 - v. Let s(a) = a**3 - 7*a**2 - 2*a - 1. Let j(w) = k*l(w) - 3*s(w). Let b = 6819 + -6822. Calculate j(b).
9
Let v be -11 + (-1638)/147 - (-1)/7. Let p(q) = 4*q + 69. What is p(v)?
-19
Let x(u) = -u**2 + 8*u + 67. Let r = 868 + -873. Let i be x(r). Let n(q) be the second derivative of q**4/12 - q**3/3 - q**2/2 + q. Give n(i).
-1
Let g(j) = 592364 + 9*j**2 + 44*j**3 + 3*j - 592336 - 43*j**3. Give g(-9).
1
Let f(n) = -n + 3. Let c be (-4)/(2 - (-21)/(-9)). Let z = c - 4. Let b = 13 - z. What is f(b)?
-2
Let a(j) = -7*j + 9. Let p(g) = -g + 1. Let n(y) = 5*a(y) - 40*p(y). Give n(-3).
-10
Let b = 2516 - 2502. Let y(j) = -7*j + 63. What is y(b)?
-35
Suppose 3*a = -51 + 174. Let t = -39 + a. Let s(d) = -3*d**2 + 2*d + 1. Determine s(t).
-7
Let h(f) = 10*f**2 - 3*f - 5. Let g(n) = -29*n**2 + 10*n + 15. Let u(m) = 3*g(m) + 8*h(m). Let l(p) = 2*p**2 - p - 1. Let b(s) = -3*l(s) - u(s). Determine b(6).
16
Let n(g) = g**2 - g - 2. Let r(o) = -3*o - 3. Let m be r(3). Let q be 3/(-3) + 12 + m. What is n(q)?
0
Let m(v) = v**3 - 8*v**2 + 8*v - 2. Let b = 103 - 95. Suppose -b*j + 10*j - 32 = 4*g, -3*j - 3*g = -39. Suppose 0 = -145*q + 147*q - j. What is m(q)?
5
Let l(f) be the second derivative of -7*f**5/120 + 47*f**3/3 + 6*f + 10. Let a(p) be the second derivative of l(p). Suppose 4*z - 5*z = -1. What is a(z)?
-7
Let c(f) = -32*f - 7. Let r be -1 + 12 - 196/14. Give c(r).
89
Suppose -11 = -16*z - 139. Let i(l) = l + 11. What is i(z)?
3
Let g(r) = -178*r - 485. Let t(d) = -507*d - 1455. Let y(j) = -17*g(j) + 6*t(j). Calculate y(-30).
-5
Suppose w + 219 + 167 = -2*k, -2*w = -2*k - 398. Let i = k - -197. Let m(g) = -g + 2. Determine m(i).
0
Let d(k) = k**2 + 126*k + 3302. Let w be d(-37). Let n(r) = r - 1. Calculate n(w).
8
Let m(w) = -68*w + 38. Let q(o) = 3*o - 2. Let h(s) = 2*m(s) + 36*q(s). What is h(-1)?
32
Let b(f) = -f**2 + 22*f + 7. Let x(k) = 351*k - 1053. Let z be x(3). Determine b(z).
7
Let l(h) = -2 + 2*h + 177*h**3 - 176*h**3 + 2 - 4*h**2 + 2 - 5. Calculate l(4).
5
Let w(s) = s**2 - 2*s - 1. Let m(i) = 23*i**2 + 2. Let t be m(4). Let k = 374 - t. Give w(k).
7
Let x(c) be the second derivative of c**3/3 + 3*c**2/2 - 2*c. Let z be 188/12 - 11/(-33). Suppose 9*t = -2*l + 6*t - z, 5*l = 2*t - 21. Determine x(l).
-7
Suppose -5*b + c + 122 = 0, -4*b - 2*c + 92 = -0*c. Let f be 4/b - 1/6. Let p(v) = -38 + v**2 - 22*v - 35 + 75 + 23*v. Determine p(f).
2
Let p(i) be the second derivative of 3/2*i**2 - 1/6*i**3 + 0 + 59*i. Let n = 2 + 1. What is p(n)?
0
Let v(r) = -r - 3. Let h be v(-10). Let u(t) = t**3 - 7*t**2 - 8*t + 6. Let y be u(8). Let c(w) = y*w + 5 - 2 + 0*w - 5*w. Calculate c(h).
10
Suppose -17*c + 53*c = 22*c + 140. Let r(y) = 3*y**3 - 29*y**2 - 11*y + 1. Determine r(c).
-9
Let k(i) = i - 19. Let l(n) = 9*n - 40. Let b(m) = 2*k(m) - l(m). What is b(-2)?
16
Let p(s) be the third derivative of -s**6/120 + s**5/20 - s**3/6 + 60*s**2 - 2*s. Let y be 0 + 1 + 3 + -2. Calculate p(y).
3
Let h(n) = n**2 - n + 3. Let j = 38 + 49. Suppose 3 = 5*f - j. Suppose 6*c - c - 3 = -4*x, -2*c = -4*x - f. Give h(c).
9
Let a(t) = 1 + 315*t + 10 + 4*t**2 - 3*t**2 - 338*t. Give a(21).
-31
Let i(n) = -9*n - 132. Suppose -82*a + 3*z = -77*a + 46, -a + z = 6. What is i(a)?
-6
Let f(k) be the first derivative of k + 9 - 1/2*k**2. Let a(v) = -v**3 - 3*v**2 - 5*v - 3. Let g be a(-2). Determine f(g).
-2
Suppose 0 = -2*v - 6 + 4. Let r(g) = -14*g**2 - 3*g**2 + 9*g**2 - 28*g**2 + g + 1. Determine r(v).
-36
Let a(q) = -2*q**3 - 23*q**2 - 9*q + 20. Let m(f) = -3*f**3 - 36*f**2 - 15*f + 30. Let j(w) = 8*a(w) - 5*m(w). Let r be 3/(-6) - 7/2. Determine j(r).
-2
Let k(j) = 8*j**3 - 45*j**2 + 69*j + 41. Let h(g) = -3*g**3 + 15*g**2 - 25*g - 13. Let y(q) = 11*h(q) + 4*k(q). Calculate y(-15).
6
Suppose 0*q + 4*d + 21 = 3*q, -5*d - 3 = 4*q. Let i(w) = -w**2 + w. Let p(b) = -4*b**2 + 5*b - 4. Let t(l) = 3*i(l) - p(l). Calculate t(q).
7
Let v(n) = n**2 + n - 6. Let i be v(-3). Suppose 2*k + 56 - 72 = i. Let o(z) = z**2 - 9*z + 2. Determine o(k).
-6
Let c(a) = -a - 6. Let v be c(-5). Suppose -2*x - 2*r = 3*x - 3660, x - 3*r = 749. Let y(h) = -16*h + x - 735 + 3*h. Determine y(v).
12
Suppose -7*i + 12*i = 0. Suppose 3*a + 13*d + 8 = 9